d**2 + 3*d + 1. Let o be p(-3). Suppose 3*h - 18 = 5*z, 5*z + 15 - o = 4*h. Let l = -2 - z. What is the units digit of l?
4
Let o(r) = -r**3 - 4*r**2 + 7*r + 3. Let w be o(-6). Let m = w + -16. What is the tens digit of m?
1
Let w be 2/(-10) - 95/25. Let f = w + 4. Suppose f*a + v = -a + 8, 2*a = 4*v + 10. What is the units digit of a?
7
Let d(n) be the second derivative of -n**5/20 + n**4/12 - 2*n. Let j be d(1). Suppose -4*l = -j*l - 16. What is the units digit of l?
4
Suppose 2*l = 4*s - 8, 4*l + 4 = 5*s - 0*l. Suppose -3*o = -s*o + 2. What is the units digit of o?
2
Let p(f) be the third derivative of -f**6/120 - f**5/12 - 5*f**4/24 + 2*f**3/3 + f**2. Let q = 20 - 24. What is the units digit of p(q)?
8
Suppose -1704 = -9*w - 93. What is the units digit of w?
9
What is the units digit of 128/(-16)*(-43)/4?
6
Let d = -15 - -19. Suppose -d*i + 176 = -0*i. What is the units digit of i?
4
Let f = -19 - -4. Let l = f + 31. What is the units digit of l?
6
What is the units digit of 55/(0 + (-4)/(-8))?
0
Suppose 0 = -2*s + 1 + 11. Let h be (-4)/(-10) - (-26)/10. Suppose h*b = -2*o + 18, 2*o - 4*b + 28 = s*o. What is the units digit of o?
3
Let g(v) be the third derivative of v**6/120 + v**5/10 + v**4/6 + v**3/6 - 7*v**2. What is the units digit of g(-4)?
7
Let c = 56 - 40. What is the tens digit of c?
1
What is the units digit of (0/2 + -7)/(-1)?
7
Let s(h) = -5*h. Let n be s(-2). Let d = 4 + n. What is the units digit of d?
4
Suppose -2*u - 11 = -4*s + 7, -4*u = -3*s + 16. Suppose 4*d - 40 = s. What is the units digit of d?
1
Suppose 7*t - 9*t = -82. What is the units digit of t?
1
Suppose 0 = 2*t - 7 - 13. Suppose -t*u + 4*u = -294. What is the units digit of u?
9
Suppose -f + 5*l = 3*f - 75, -3*f - 2*l + 85 = 0. What is the tens digit of f?
2
Let z = 37 + -21. What is the tens digit of z?
1
Suppose -3*r - 4*d + 26 = 0, 28 = 3*r + r + 2*d. What is the units digit of r?
6
Suppose -3*m - 10 = 2*m. Let p = -1 - m. What is the units digit of p?
1
Let d(q) = -q**3 + 5*q**2 + 9*q - 1. Let p(z) = -3*z - 3. Let s be p(-3). What is the tens digit of d(s)?
1
Let y = 237 - 108. What is the units digit of y?
9
Let l(z) = 2*z - 1. Let b be l(-3). Let i = b - -15. What is the units digit of i?
8
Let g = 275 - 140. What is the units digit of g?
5
Let l = 3 - 1. Suppose -33 = l*q + 3*z, 0 = 2*q + 2*q - 3*z + 93. Let f = 37 + q. What is the units digit of f?
6
Let v(z) = -4*z + 71. What is the hundreds digit of v(-21)?
1
Suppose 4*n + 4 = -2*u - 0, -2*u - 2 = 2*n. Let g = u - -11. What is the units digit of g?
1
Let t = -39 + 24. Let u be (t/10)/(3/(-4)). What is the units digit of 1/((u/(-12))/(-1))?
6
Let f = -12 + 21. Let o = 4 + f. What is the tens digit of o?
1
What is the tens digit of (1*-2)/(425/(-105) + 4)?
4
Let l(o) = 7*o**2 + 2 - 2*o + 2 + 2 - 5. Let z = -2 + 3. What is the units digit of l(z)?
6
Let p(i) = i + 3. Let l(f) be the second derivative of -f**4/12 - 7*f**3/6 - 3*f**2 - f. Let d be l(-4). What is the units digit of p(d)?
9
Let c = 54 - 14. Let l = c - 21. Suppose 4*b = 3*b + 3*y + 9, l = 3*b - 5*y. What is the units digit of b?
3
Let i be (4/(-3))/(5/(-15)). What is the tens digit of 25 - i/(-3 + 1)?
2
Suppose -283 = -5*l - 73. What is the tens digit of l?
4
Let h(c) = 13*c - 1. What is the units digit of h(1)?
2
Suppose -12*k + 3 = -9*k. What is the units digit of k?
1
Let o(h) = -h**3 - 10*h**2 - 18*h - 7. What is the units digit of o(-8)?
9
Let y(h) = -5*h - 1. Suppose 0*w - w - 1 = 0. Let q = w + -2. What is the tens digit of y(q)?
1
Let k(j) = 0 + j - 2 + 1 - 3. What is the units digit of k(12)?
8
Let b(m) = 13*m**2 + m. Let v(x) = x + 6. Let c be v(-7). What is the tens digit of b(c)?
1
Suppose 5*x + 97 - 17 = 0. Let y = x - -27. What is the tens digit of y?
1
Let r(p) = 1. Let k(b) = b + 2. Let t(d) = -k(d) - r(d). Let m be t(-7). Suppose 0 = j - m - 1. What is the units digit of j?
5
Let m(s) = s**3 - 6*s**2 + 2*s - 8. Let b be m(6). Suppose -2*p = -r - 5, 4*p - 5 = -4*r + 23. Suppose -p*v - l = -18, -l = l - b. What is the units digit of v?
4
Let p = -183 - -282. What is the tens digit of 2 - 2/((-6)/p)?
3
Suppose -2*j + 43 + 31 = 0. What is the tens digit of j?
3
Let w = -198 - -349. What is the tens digit of w?
5
What is the units digit of 156/(-18)*3/(-2)?
3
What is the tens digit of (-1080)/(-25)*(0 - -5)*1?
1
Let z(v) be the first derivative of -v**4/4 + 5*v**3/3 + 9*v**2/2 - 4*v + 1. What is the units digit of z(6)?
4
Let u(c) = -4*c - 7. What is the units digit of u(-14)?
9
What is the tens digit of (-11)/((-1 - 4) + 4)?
1
Let f(k) = -3*k - 3. Let x = -5 - -12. Let u = x + -11. What is the units digit of f(u)?
9
Let a(z) = -3*z - 1. Let f = -5 - -3. Let n be a(f). What is the tens digit of (n/(-2))/((-1)/6)?
1
Let j = 39 + -2. What is the tens digit of j?
3
Let p(r) = r**3 + 9*r**2 + 7*r + 5. Suppose 4*f = -5*k - 17, 5*f - 3*k + 21 + 28 = 0. What is the tens digit of p(f)?
1
Suppose -i - i = -38. What is the units digit of i?
9
Suppose -81 = -2*h - b, -5*h - 5*b + 82 = -133. What is the units digit of h?
8
Suppose -3*v + t = 36, 12 = -5*v - 3*t - 34. What is the tens digit of (2 - 1)/((-1)/v)?
1
Let a(q) = 2*q**2 + 5*q - 4. What is the units digit of a(3)?
9
Let u(p) = 3*p. What is the units digit of u(1)?
3
Let g(u) = u**2 - 4*u + 1. Let n be g(5). Suppose l + t = -2*l + 18, 0 = -l + t + n. Let f = l - 2. What is the units digit of f?
4
Suppose -302 = 5*g - 7*g. What is the hundreds digit of g?
1
Let l(w) = 2*w**2 + 12*w + 3. Let q be l(-6). Let a(t) = t**3 + t**2 - 4*t + 3. What is the tens digit of a(q)?
2
Suppose 3*u = 3, -2 - 12 = 3*i - 5*u. What is the units digit of (2 + 0 + i)*-9?
9
Suppose -2*c + 7 = -1. Suppose -c*n = -4, 5*n = 2*x + 3*n - 2. Let a(k) = -k**3 + 4*k**2. What is the units digit of a(x)?
8
Suppose 17 = 2*z + 7. Let u = z + -2. What is the units digit of u?
3
Let f(a) = 3*a**2 + 6*a - 1. What is the tens digit of f(-5)?
4
What is the units digit of (625/15)/(-5)*-18?
0
Suppose -15 = 3*i - 3. What is the tens digit of 13/26 + (-146)/i?
3
Let k = 6 + 4. Let w = k - -5. What is the tens digit of w?
1
Let m(a) = -a**2 + 2*a + 9. Let c be m(5). What is the units digit of (-24)/c - (-14 + -2)?
0
Let k be (-3 + 0)/(-1)*-1. Let w = k + 11. Let r = w + 1. What is the units digit of r?
9
What is the tens digit of 18/135 - ((-4526)/30 + -3)?
5
Suppose -2*x - 16 = -4*b, 3*b + 2*x = -1 - 1. Let q(a) = 2 - 2 - b*a + 2. What is the units digit of q(-3)?
8
Let n(s) = s**2 + 8*s - 7. Let d be n(-10). Let a = -3 + d. What is the tens digit of a?
1
Suppose 5*r - 3*i - 199 = 0, -66 = -5*r - 5*i + 149. What is the tens digit of r?
4
Suppose -2*l + l = 3. What is the tens digit of ((-15)/l)/(4/8)?
1
Let i = -2 - -4. Suppose o = -i*o + 126. Suppose j = -j + o. What is the tens digit of j?
2
Let v(r) = r**2 + r - 3. Let u = 10 + -15. What is the units digit of v(u)?
7
Suppose 0*s + 44 = 4*s. What is the tens digit of s?
1
Let f(k) = k**2 - 7*k - 7. What is the tens digit of f(14)?
9
Let o(s) = -6*s + 13. Let y(h) = -3*h + 6. Let t(f) = 4*o(f) - 9*y(f). Suppose -4 = -2*n + 6. What is the tens digit of t(n)?
1
Suppose -9*o - 275 = -860. What is the units digit of o?
5
Suppose 2*n - 4 - 2 = 0. Suppose -9 = -q - n. What is the units digit of q?
6
Let b(s) = -s**2 - 3*s + 2. Let n(f) = f - 3. Let h(k) = -k + 1. Let y(g) = 2*h(g) + n(g). Let l(r) = b(r) + 5*y(r). What is the units digit of l(-7)?
4
Let s be 3 + -5 + 3 + 26. What is the units digit of (-12)/(-2)*s/6?
7
Suppose -2*r + 33 = -r. What is the tens digit of r?
3
Let t = 0 + 3. Suppose -3*l - l - 2*q + 186 = 0, -t*l = 2*q - 142. What is the tens digit of l?
4
Let p(d) = d**3 - d**2 - 8. What is the tens digit of p(4)?
4
Let w = 8 + -1. What is the units digit of w?
7
Let l(y) = -y**3 + 6*y**2 - 7*y + 1. Let s be l(5). What is the units digit of s/(-36) - (-62)/8?
8
Suppose -2*z = 5*q - 98, -2*z + 34 = q + 2*z. What is the units digit of (-3)/q + (-338)/(-12)?
8
Let y(d) = d**2 - 4*d - 2. Let b be y(6). What is the units digit of 4/b + (-13)/(-5)?
3
Let v = -15 - -16. What is the units digit of v?
1
Let a(n) = n**3 - 3*n**2 + 13*n - 9. What is the tens digit of a(5)?
0
Let p be (39/26)/((-6)/(-8)). What is the tens digit of 731/(-51)*(-6)/p?
4
Let a(v) = -v - 5. Let l